j) = 11*j - 41. What is t(11)?
80
Let k(v) = -v**2 - 1. What is k(2)?
-5
Let y(r) = -6*r - 54. What is y(-8)?
-6
Let b(y) = 3*y - 1. Calculate b(1).
2
Let k(q) = -q**3 + 8*q**2 - 10*q + 2. Calculate k(7).
-19
Let w(i) = i**3 - 9*i**2 - 11*i + 103. Give w(9).
4
Let s(v) = 7*v**2 - 2*v - 3. Calculate s(-1).
6
Let y(t) = t**2 + 115*t + 451. Calculate y(-4).
7
Let h(r) = -9*r. Give h(-3).
27
Let k(t) = t**2 - 85. What is k(-9)?
-4
Let f(d) = d**2 + 21*d - 73. Determine f(-22).
-51
Let s(l) = 3*l**2 - 21*l + 9. What is s(7)?
9
Let h(m) = 16*m**2 - m - 7. Calculate h(3).
134
Let w(c) = c**2 - 2*c - 7. Determine w(3).
-4
Let y(g) = 4*g**3 + 3*g**2 - 2*g + 3. Give y(2).
43
Let f(y) = y**3 + 17*y**2 + 19*y - 33. What is f(-16)?
-81
Let u(a) = 12*a + 10. Calculate u(-3).
-26
Let f(b) = 3*b**2 + 33*b + 11. What is f(-7)?
-73
Let g(c) = 3*c**3 - 2*c**2 + c - 16. Calculate g(3).
50
Let j(o) = -5*o - 49. What is j(-7)?
-14
Let f(o) = o**2 - 3*o. Give f(4).
4
Let w(a) = -a**3 - 27*a**2 + 3*a + 37. Determine w(-27).
-44
Let a(n) = 5*n - 57. What is a(11)?
-2
Let u(b) = -3*b - 4. What is u(2)?
-10
Let d(s) = -23*s - 13. Determine d(-5).
102
Let o(h) = 12*h - 5. Calculate o(1).
7
Let h(r) = -11*r + 1. Determine h(-4).
45
Let l(n) = 20*n - 2. Give l(-2).
-42
Let p(l) = -2*l**3 + 4*l**2 + l + 1. Determine p(3).
-14
Let d(z) = -z**3 - 4*z**2 + z - 3. Calculate d(-5).
17
Let k(f) = -f**2 + 23*f - 128. Calculate k(12).
4
Let t(m) = -3*m + 2. Calculate t(4).
-10
Let r(i) = -11*i + 12. Give r(6).
-54
Let w(z) = -z**3 - 7*z**2 - 10*z - 22. What is w(-6)?
2
Let r(c) = -c**2 + 2*c + 8. Give r(4).
0
Let x(g) = -g**3 + 17*g**2 - 28*g - 32. Give x(15).
-2
Let k(o) = 74*o + 2220. What is k(-30)?
0
Let a(r) = 2*r**2 + 14*r + 6. Calculate a(-7).
6
Let u(c) = 20*c - 7. Give u(4).
73
Let c(g) = 2*g**3 + 15*g**2 - g - 12. Give c(-8).
-68
Let o(c) = -c**3 + 61*c**2 + 192*c + 17. What is o(64)?
17
Let c(a) = 16*a**2 + 1. Give c(-1).
17
Let j(p) = 40*p - 6. Determine j(0).
-6
Let w(n) = -43*n - 650. What is w(-15)?
-5
Let h(l) = -9*l - 78. Calculate h(-11).
21
Let z(j) = j**2 - 21*j + 2. What is z(20)?
-18
Let l(m) = 9*m - 39. Calculate l(10).
51
Let i(t) = -t + 4. Calculate i(9).
-5
Let j(p) = -p**3 - 18*p**2 - 56*p - 17. Give j(-14).
-17
Let n(o) = 7*o - 84. Determine n(12).
0
Let r(m) = -6*m**3 - 72*m**2 - m - 22. Calculate r(-12).
-10
Let f(x) = -2*x - 23. Give f(-4).
-15
Let y(b) = b**3 - 4*b**2 - 10*b - 8. Determine y(6).
4
Let c(n) = n**2 - 9*n + 17. What is c(7)?
3
Let y(r) = r - 7. Determine y(0).
-7
Let v(z) = z**3 + 4*z**2 - 13*z + 1. Determine v(-6).
7
Let f(c) = 19*c - 1. Calculate f(1).
18
Let g(p) = -3*p - 28. Determine g(-10).
2
Let o(b) = b**2 - 2*b + 2. Determine o(1).
1
Let h(l) = -l**3 - 8*l**2 + 11*l + 10. Determine h(-9).
-8
Let j(a) = 9*a**3 - 4*a**2 + 2*a + 1. Calculate j(1).
8
Let i(c) = 4*c - 2. Determine i(5).
18
Let u(k) = -3*k - 24. Calculate u(-10).
6
Let d(i) = i**3 - 7*i**2 + 8*i - 13. Give d(6).
-1
Let l(t) = -t**3 + 2*t**2 + 3*t. Determine l(3).
0
Let w(j) = -j**3 + 2*j**2 - 4*j - 2. Determine w(3).
-23
Let d(o) = -62*o**2 - o. Give d(1).
-63
Let z(i) = -3*i + 26. Give z(0).
26
Let w(p) = 124*p - 620. Determine w(5).
0
Let x(o) = -o**2 + 11*o + 12. Calculate x(13).
-14
Let k(v) = 2*v**2 + 2*v + 1. What is k(-1)?
1
Let o(g) = 3*g - 5. Give o(-6).
-23
Let a(d) = d**3 - 12*d**2 + 27*d - 60. Determine a(10).
10
Let z(g) = -g**3 + 17*g**2 - 19*g + 17. What is z(16)?
-31
Let y(q) = 2*q + 39. What is y(-14)?
11
Let n(y) = -y**2 + 11*y - 19. Calculate n(8).
5
Let i(g) = g**3 - 10*g**2 - 26*g + 17. Give i(12).
-7
Let v(p) = 4*p**2 - 27*p + 23. What is v(7)?
30
Let a(z) = z**3 - 5*z**2 - z - 10. What is a(6)?
20
Let d(i) = -2*i**2 + 4*i + 10. Calculate d(4).
-6
Let c(w) = -w - 14. Give c(-6).
-8
Let u(y) = -51*y - 1063. Calculate u(-21).
8
Let g(t) = -149*t - 2836. Calculate g(-19).
-5
Let t(s) = -s**3 + 6*s**2 + 12*s - 1. Calculate t(8).
-33
Let k(l) = -l**3 - 7*l**2 + 5. What is k(-7)?
5
Let i(g) = 8*g - 21. Give i(4).
11
Let u(k) = -7*k - 2. What is u(-16)?
110
Let w(x) = 2*x + 12. Calculate w(8).
28
Let i(d) = -4*d - 6. What is i(-9)?
30
Let l(h) = 2*h**2 - 2. Determine l(-2).
6
Let q(n) = -25*n. What is q(1)?
-25
Let k(h) = -18*h - 7. Give k(-3).
47
Let g(j) = -j**3 + 3*j**2 - 3*j - 3. Give g(3).
-12
Let y(p) = 7*p - 35. What is y(15)?
70
Let v(t) = t**3 + 4*t**2 - 3*t - 3. What is v(-4)?
9
Let i(b) = -2*b**3 - 2*b**2 + 2*b - 1. Calculate i(1).
-3
Let b(p) = 3*p**3 + p**2 - 8*p + 6. Calculate b(3).
72
Let g(q) = -q**3 - 9*q**2 - 3*q - 18. Determine g(-9).
9
Let a(j) = -5*j**2 + 5*j - 4. What is a(2)?
-14
Let r(i) = i**2 - 7*i - 6. Calculate r(10).
24
Let j(l) = l + 2. What is j(-2)?
0
Let j(g) = g**3 + 19*g**2 + 21*g - 24. Calculate j(-18).
-78
Let s(v) = -v**2 + 16*v + 25. Determine s(18).
-11
Let i(q) = -12*q - 59. What is i(0)?
-59
Let w(i) = -3*i + 36. Determine w(14).
-6
Let k(u) = u**3 - 9*u**2 + 8*u + 6. What is k(8)?
6
Let w(j) = j**2 - 22*j + 106. Give w(11).
-15
Let y(s) = 9*s + 14. Calculate y(-2).
-4
Let g(f) = f**2 + 12*f + 6. Calculate g(-5).
-29
Let x(z) = 2*z + 8. What is x(-8)?
-8
Let l(b) = -5*b**3 + 139*b**2 + 30*b - 34. Give l(28).
22
Let j(l) = l**2 + 9*l - 4. Determine j(-9).
-4
Let p(b) = -10*b + 27. Give p(2).
7
Let c(n) = n**3 - 8*n**2 + 7*n - 2. What is c(7)?
-2
Let l(y) = -y**2 + 7*y - 4. Calculate l(6).
2
Let o(k) = 10*k. Calculate o(-3).
-30
Let n(t) = t**3 + 31*t**2 - 22*t + 327. Determine n(-32).
7
Let o(w) = -4*w - 3. Determine o(-2).
5
Let s(y) = y**3 - 7*y**2 + 1. What is s(7)?
1
Let p(j) = -j**3 - 14*j**2 - 12*j + 13. Determine p(-13).
0
Let x(s) = -5*s**2 - 100*s - 7. Give x(-20).
-7
Let a(i) = i**3 + 4*i**2 - 11*i + 68. Give a(-7).
-2
Let u(d) = -5*d**2 + 5*d + 5. What is u(-1)?
-5
Let a(n) = -5*n + 12. What is a(7)?
-23
Let n(j) = -5*j**2 + 3*j - 1. What is n(3)?
-37
Let h(g) = g + 23. Determine h(-8).
15
Let n(h) = 10*h - 11. Determine n(4).
29
Let n(u) = -u**2 + 4*u + 21. What is n(0)?
21
Let q(d) = d**3 + 10*d**2 + 8*d - 9. Give q(-7).
82
Let k(z) = 2*z - 19. Give k(6).
-7
Let d(b) = b**3 - 9*b**2 - 10*b - 6. Calculate d(10).
-6
Let t(q) = 7*q - 37. Give t(17).
82
Let r(o) = -o**2 + 33*o - 158. What is r(27)?
4
Let r(f) = 17*f + 8. What is r(-3)?
-43
Let l(i) = 3*i + 6. What is l(6)?
24
Let z(j) = 2*j**2 - 6*j - 18. What is z(5)?
2
Let j(a) = a**3 + 22*a**2 - 26*a - 46. Determine j(-23).
23
Let l(y) = -10*y - 44. Give l(-6).
16
Let p(j) = -j - 1. Give p(4).
-5
Let z(v) = -v**2 + 12*v - 14. What is z(16)?
-78
Let j(x) = -7*x**2 + x + 9. Calculate j(-3).
-57
Let b(k) = -k - 5. What is b(-7)?
2
Let s(f) = f**3 + 10*f**2 - 14*f + 13. What is s(-11)?
46
Let n(d) = d**3 + 10*d**2 - 11*d. Determine n(-11).
0
Let q(x) = -x**2 + 13*x - 10. Calculate q(12).
2
Let p(l) = l**3 + 13*l**2 + 26*l - 26. Give p(-10).
14
Let p(b) = -3*b + 29. Determine p(11).
-4
Let o(f) = -f + 15. Calculate o(-20).
35
Let r(o) = o**2 - o - 7. Give r(-2).
-1
Let l(g) = g**3 - 14*g**2 + 4*g - 26. Calculate l(14).
30
Let p(o) = -o**3 - 4*o**2 - 4*o - 3. Determine p(-3).
0
Let w(t) = 8*t**2 + 188*t + 99. What is w(-23)?
7
Let l(h) = -h + 23. Calculate l(20).
3
Let f(t) = -2*t + 10. Determine f(9).
-8
Let t(j) = j**2 + 7*j. Calculate t(-4).
-12
Let m(i) = -i**3 + 28*i**2 - 146*i - 5. Determine m(7).
2
Let h(b) = 85*b + 513. What is h(-6)?
3
Let g(y) = -7*y + 6. What is g(3)?
-15
Let o(h) = h**3 - 9*h**2 + 9*h - 5. Determine o(4).
-49
Let n(m) = m + 2. Calculate n(-5).
-3
Let v(m) = -2*m - 25. What is v(-9)?
-7
Let a(v) = -v**2 - 10*v - 12. Give a(-8).
4
Let j(a) = -20*a - 64. Give j(-5).
36
Let f(y) = -y**3 + 39*y**2 + 41*y - 33. Calculate f(40).
7
Let o(s) = -s + 16. Give o(-13).
29
Let b(i) = -5*i - 96. What is b(-19)?
-1
Let b(s) = 81*s + 321. Calculate b(-4).
-3
Let p(i) = -20*i - 311. Determine p(-16).
9
Let u(t) = t - 4. Determine u(6).
2
Let r(p) = -p**2 + 22*p - 8. Calculate r(14).
104
Let f(x) = 2*x**2 + 13*x + 8. Calculate f(-6).
2
Let p(x) = -x - 3. Give p(-6).
3
Let f(v) = -v**3 + 2*v**2 + 6*v - 6. Determine f(3).
3
Let s(o) = 4*o + 180. What is s(-43)?
8
Let b(r) = -4*r**2 + 4*r - 4. Give b(2).
-12
Let g(l) = -l**2 + 13*l - 14. Determine g(18).
-104
Let l(g) = -g**2 - 5*g + 10. Calculate l(-8).
-14
Let j(w) = w**3 + 10*w**2 - 7*w + 58